 -q(r) - 3*u(r). Determine g(5).
-2
Let q(b) = 2 - b**2 - 2*b**2 - 19*b - 4*b**2. Let a(p) = 3*p**2 + 9*p - 1. Let f(v) = 9*a(v) + 4*q(v). What is f(2)?
5
Suppose 12*c - 7*c = 10. Let w(m) = -4*m**2 + m - 1. Determine w(c).
-15
Let f(n) = -n**3 + n**2 - 3*n - 13. Let x(t) = -2*t**3 + t**2 - 6*t - 25. Let r(z) = -11*f(z) + 6*x(z). Give r(-5).
8
Let f(p) = 4*p - 32 + 31 - 3*p. Calculate f(3).
2
Let j(b) be the first derivative of -5/3*b**3 - 2*b - b**2 - 1/4*b**4 + 4. What is j(-3)?
-14
Let y(z) = z**3 + 5*z**2 + 5*z - 2. Let i = 1 - 2. Let o = i - 3. What is y(o)?
-6
Suppose -3*c = -3 + 21. Let r be (c/4)/((-3)/6). Suppose -5*j - 2*v = 5, -3*v - r = j + 2*j. Let y(h) = -h**3 + h**2 - h - 1. Determine y(j).
2
Let c be 10/35 - 4/14. Let g(p) = -p + 0*p + 2 + c*p + 2*p. Give g(-5).
-3
Suppose -h + 0*h + 2 = 0. Let y be (-4)/8*-1*4. Let q(j) = 0*j + j + y*j - 2*j**2 + 1 - 2. Determine q(h).
-3
Let f(v) = v**2 - 4*v + 5*v - 7 + 0*v**2. Calculate f(-5).
13
Let s(u) = -u**3 - 4*u**2. Suppose 0 = -y + 5*c - 29, 0 = -5*y - 3*c - 2*c + 5. Let i be s(y). Let o(l) = -4 - l**2 + 3 + 0*l**2. Calculate o(i).
-1
Let k = -4 + 10. Let i(a) = 7*a + 5*a**2 - 5 + a**3 - a**3 - 1 - a**3. Determine i(k).
0
Let x(b) = -3*b + 9*b + 7 + b**2 - 1. Suppose 2*g + 9 = 2*c - 3, g - 4 = -4*c. What is x(g)?
-2
Let k(o) = 2*o**3 - 6. Let c be k(0). Let d(z) = z. What is d(c)?
-6
Let m(g) = -6*g**2 - g. Let l be 2*(-1)/(-2)*-1. Determine m(l).
-5
Let l(s) be the first derivative of -s**2 + s + 18. Determine l(-6).
13
Let v = -7 - -3. Let w = 4 + v. Let x(p) = -1 + 4*p**2 - 3 - 3*p**2 + w*p**2 - 5*p. Give x(4).
-8
Let w(m) = -2 - 14*m - 1 + 16*m - 4. What is w(6)?
5
Let n(z) = 27*z**2 + 9*z + 9. Let i(f) = 14*f**2 + 5*f + 5. Let j(s) = 11*i(s) - 6*n(s). Suppose -17*r - 29 = -12. Calculate j(r).
-8
Let t(u) be the second derivative of u**5/4 - u**4/6 - u**3/3 - u**2/2 - 4*u. What is t(-1)?
-6
Let r(x) = x**3 - 3*x**2 - x - 4. Let l(m) be the second derivative of m**5/20 - 5*m**4/12 + m**3/6 - m**2/2 + 2*m. Let k be l(5). Calculate r(k).
8
Let o(k) = -k**3 + 3*k**2 + 3*k. Let d(y) = -y**3 + 5*y**2 + 3*y - 11. Let r be d(5). Determine o(r).
-4
Suppose 3*x - 2*x = -o - 3, 5*o = -2*x - 24. Let j(k) = -3*k. Give j(o).
18
Let j(p) = -p**2 - 4*p. Let g(i) = 0*i + 0*i + i + 5. Let s be g(-8). What is j(s)?
3
Let z(j) be the third derivative of 0*j + 0 - 1/60*j**5 + 1/8*j**4 - j**2 - 2/3*j**3. What is z(3)?
-4
Let z(q) be the second derivative of q**5/20 - q**4/6 + q**2/2 + 4*q. Suppose -3*d - d + 8 = 0. Suppose d*v = 2 - 4. Give z(v).
-2
Suppose -2*g + v - 15 = -4*v, -v = g + 4. Let m(y) = -3*y - 6. Calculate m(g).
9
Let t(h) = -h**2 - 2*h. Let x(b) = -2*b - 5. Let i be x(-4). Suppose f + i*p = 8, -2 = -2*f - 3*p + 2. What is t(f)?
-8
Let w = 142 - 139. Let y(h) = -h + 1. What is y(w)?
-2
Let b(j) = -3 + 3*j - 2 + 7*j + 3*j**2. Let i(v) = -13*v**2 - 41*v + 20. Let f(g) = 9*b(g) + 2*i(g). Let q be f(-8). Let c(x) = x**2 + 6*x + 7. Calculate c(q).
2
Suppose -2*f = -5*f - 12. Let i(w) = 11*w + 2. Let s(r) = 4*r + 1. Let n(y) = 6*i(y) - 17*s(y). Determine n(f).
3
Suppose -m = 2, m - 2 = -4*r - 2*m. Let j(v) be the second derivative of -v**r + 1/6*v**3 + 0 - 2*v. Give j(2).
0
Let v(f) be the third derivative of -1/60*f**5 + 0 + 5/6*f**3 + 1/24*f**4 - f**2 + 0*f. Let c = 6 - 6. Give v(c).
5
Let b(n) = -4*n**2 - 4*n + 1. Let u(a) = -3*a**2 - 3*a + 2. Let o(q) = -4*b(q) + 5*u(q). Let p = 7 - 7. Determine o(p).
6
Suppose -3*b - 5*v + 52 = 0, -46 = -3*b - b - 2*v. Let u be 16/10 + b/(-15). Suppose -4*a - u = 3. Let m(c) = -4*c + 1. What is m(a)?
5
Suppose -2*w - 6 = -2*c, 5 = -0*c - 3*c - 4*w. Let x(j) = -2 - c + 12*j + 2. Determine x(-1).
-13
Let y(x) = -x + 6. Let d(c) = -c + 1. Let m(o) = -2*d(o) + y(o). Let t = -69 + 74. Calculate m(t).
9
Let p(n) = 3*n - 2. Suppose s - 2 = 3*s + 2*u, -2*u = 4. Suppose -x - 5 = -h, -3*h - x - s = -8. What is p(h)?
7
Let i(c) = 2*c**2 - c. Let f be i(-1). Let h = f - 1. Let r(y) = -y - 3*y - 1 + y + h. What is r(1)?
-2
Let m(b) be the third derivative of -b**4/24 - b**3/2 - 44*b**2. Let v = 19 - 11. Let u be ((-10)/v)/(3/12). Calculate m(u).
2
Let v = 8 + -6. Let a(s) = 1 - 4*s - v + 4. Let q(x) = x - 2. Let k be q(4). Calculate a(k).
-5
Let i be (-6)/(-24) - (-19)/4. Let u(g) = g. Calculate u(i).
5
Let x = 28 - 13. Suppose 0*y = 3*y + z + x, -z + 20 = -4*y. Let g(w) = -w - 5. Determine g(y).
0
Let l = 1 + 1. Suppose -l*o = -0*o - 4. Let f(z) = -2 - 3*z**2 - 5*z**o + 2*z + 3 + 5*z**2. Give f(2).
-7
Let m(q) = 3*q - 3. Let n be m(3). Let u(w) = 2 - n*w + 4*w**2 + 0 + 1 - 3*w**2. What is u(3)?
-6
Let m = 114 + -108. Let f(c) = -c**3 + 5*c**2 + 5*c - 1. Give f(m).
-7
Let f(l) = -4*l**2 - 1. Suppose 0 = -0*v - 3*v - 15, 2*d - 3*v = 17. Suppose -5*y = -6*y - d. Determine f(y).
-5
Let m = 21 + -18. Let i(r) = -r - 3. Determine i(m).
-6
Let y(x) be the second derivative of 0 - 1/2*x**2 + 13/6*x**3 - 5*x. Calculate y(-1).
-14
Let a(u) be the third derivative of -u**4/12 + 2*u**3/3 - 27*u**2. Give a(5).
-6
Let o(m) = m**2 - m - 1. Let u(l) = l**3 - 2*l**2 + l + 5. Let p(z) = 6*o(z) + u(z). Calculate p(-5).
-1
Let q(v) = -v**2 - 3*v**2 - 11*v - 4 + 3*v**2 + 10*v. Calculate q(0).
-4
Let j = -6 + -3. Let y = -8 - j. Let c(o) = -6*o**3 - o**2. What is c(y)?
-7
Let d be (-10)/55 - (3 + 243/(-66)). Let w(m) be the first derivative of -d*m**2 - 2*m + 1. Give w(-5).
3
Suppose -4*x - 2*v = -4*v - 28, 0 = 2*x - 4*v - 14. Let r(b) = 5*b - 8. Calculate r(x).
27
Let x(v) = -v + 12. Let n be x(7). Let y(g) be the third derivative of 1/6*g**3 - g**2 + 1/12*g**4 + 0*g + 1/30*g**n + 0. Give y(-2).
5
Let o be (-2)/(-8) - (-3)/(-12). Let j(t) be the first derivative of -t**3/3 - t**2/2 + 3. What is j(o)?
0
Let q(x) be the third derivative of 7/24*x**4 - 1/60*x**5 + 0 - x**2 + 0*x - x**3. Determine q(6).
0
Let t(x) = x**2 - 2*x + 2. Let o be 3*1 - (-6 - -8). Let b = 2 + o. Calculate t(b).
5
Suppose 3*m - 2*m = 0. Let b(u) = u**2 + u + 3. Give b(m).
3
Suppose -4*k - 5*t + 68 = 19, -k = -5*t + 19. Let j(p) = 2*p + 3. Let n(m) = m + 1. Let g(x) = -j(x) + 3*n(x). Calculate g(k).
6
Let o(g) = g**2. Let j(l) = 3*l**2 + 7*l. Let y(a) = j(a) - 2*o(a). What is y(-6)?
-6
Suppose -4*d + 0 = -4. Let j(n) = 3 + n + d + 1. Let i be j(-8). Let q(a) = -2*a - 2. Determine q(i).
4
Let p(r) = -2*r - 7. Suppose 2*f - 24 = 6*f. What is p(f)?
5
Let l = -1139 - -1146. Let b(f) = f**3 + 5 + 5 - f + 0*f**3 - 7*f**2. Give b(l).
3
Let i = 4 - 2. Let r = -6 + i. Let m(n) = -13*n**3 - 21*n**2 + 15*n + 15. Let o(q) = -3*q**3 - 5*q**2 + 4*q + 4. Let s(v) = -2*m(v) + 9*o(v). Determine s(r).
-2
Suppose -4 = -2*p - 0. Let g(b) = -b**3 + 4*b**2 - 3*b + 2. Let f be g(p). Let m(q) = -q. Determine m(f).
-4
Suppose -d - 1 = 5*t - 5*d, 21 = 3*t + 3*d. Let v(l) = 1 - l**t - 5*l**2 + 2 + 6*l + 11 - 5. Determine v(-6).
9
Suppose 4*t + 0 - 4 = 2*m, -18 = -5*t - 4*m. Suppose 3*s - 9 = t*o, -s - 5*o + 2*o = -3. Suppose f + 1 = s. Let q(l) = 4*l + 1. What is q(f)?
9
Suppose 26 = 3*d - 4. Let s = 6 - d. Let u(b) = -3*b - 4. Calculate u(s).
8
Suppose -20 = 4*l, -g - l = 2*g + 38. Let q = 8 + g. Let r(t) = -3*t + t + 7 + 3*t. What is r(q)?
4
Let c(l) = -20*l**3 - 2*l**2 - 20*l + 6. Let s(z) = 7*z**3 + z**2 + 7*z - 2. Let j(g) = -6*c(g) - 17*s(g). Give j(5).
3
Let d(s) = 7*s + 3. Let r(v) = 22*v + 9. Let l(w) = -7*d(w) + 2*r(w). Let c(j) = -3*j - 2. Let a(q) = 8*c(q) - 5*l(q). Suppose -4*g + 2 = -5*g. Determine a(g).
-3
Let y(p) = -3 - 8*p + 4 + 0*p + 0. What is y(1)?
-7
Let q be ((-10)/(-25))/((-1)/10). Let j(n) = n**3 + 3*n**2 - 3*n + 2. What is j(q)?
-2
Let t be (-6)/(-2)*(-1)/3. Let f(x) = 17*x**2 + 2*x + 5. Let l(h) = 9*h**2 + h + 3. Let v(a) = -3*f(a) + 5*l(a). What is v(t)?
-5
Let u = -1 - -1. Suppose 3*d - h - 13 = 0, -3*h = -5*d - u*d + 23. Let v(p) = -p + 4. Determine v(d).
0
Let f be (1 - 3) + 7/1. Let l(r) = -r - 1 - 2 + 4*r - f*r. Determine l(-4).
5
Let m(h) be the second derivative of h**3/3 - 7*h**2/2 + 5*h. Let n be m(4). Let c(s) = s + 1. Calculate c(n).
2
Let u(i) = -i - 1. Let h(y) = -2*y - 2. Let o(c) = -4*h(c) + 7*u(c). Let f be (-1 - (-27)/5) + (-22)/55. Give o(f).
5
Let v(q) = -q - 6. Suppose -g - 5*t + 17 = 0, 2*g + 0*t + 21 = t. What is v(g)?
2
Let h(w) be the third derivative of -w**7/2520 - w**6/144 - w**5/60